). Suppose 3*x + x + 4*n = 64, 3*x - f = 3*n. List the prime factors of x.
2, 3
Let t be (-12)/(-7) - 2/(-7). List the prime factors of 16 - (-3 + 6/t).
2
Let v be 4/1*-4*-1. Suppose -4*a = -r - v, 3*a - r = -4*r + 12. List the prime factors of a.
2
Suppose -7*p + 4*p - 21 = 0. Let s(w) = w**2 + 5*w - 8. What are the prime factors of s(p)?
2, 3
Suppose 3*t = -3*q + 30, 2*q = -5*t - 0*q + 56. Let v = 36 - t. Suppose -5*k + 55 = -z - z, v = k - 3*z. List the prime factors of k.
3
Let j be -2*((-6)/(-4))/(-1). Suppose -j*s + 87 = 3*b, -2*b + 3*b + 35 = s. List the prime factors of s.
2
Suppose -8*c - c + 198 = 0. What are the prime factors of c?
2, 11
Let s(f) = f**2 + 2. Let l = -6 - -10. Let u be (-6)/(l - (4 - 2)). List the prime factors of s(u).
11
Suppose 0 = 4*z - 37 + 5. List the prime factors of z.
2
Suppose -7*u + 3*u = 5*l - 36, 2*l = u + 4. Suppose -19 = -3*n - 0*n - l*b, 29 = 3*n - b. What are the prime factors of n?
3
Let d be (66/(-9))/2*3. What are the prime factors of 2*4/(-8)*d?
11
Suppose -4*h + h = 0. Suppose 0 = -h*b - b + 9. List the prime factors of b.
3
Suppose 115 = 3*b + 2*b. What are the prime factors of b?
23
Let j(u) = -u**3 + 9*u**2 + u - 1. Let q be j(9). Suppose -4*k + 2*k = 3*b - 26, 2*b + 5*k = -1. Let p = b - q. List the prime factors of p.
2
Suppose k = -2 - 4. Let z(g) = -g**2 - 3*g + 12. Let m be z(-5). List the prime factors of m/k - 49/(-3).
2
Let o(t) = -t**3 + 13*t**2 - 7*t - 1. List the prime factors of o(10).
229
Suppose 7 = -3*x - 5. Let h = x + 6. What are the prime factors of h?
2
Suppose 2*a - 1 = 5*w - 14, 10 = 3*w + a. Let m(s) = s - 1. Let g(b) = -b + 1. Let x(z) = -2*g(z) - m(z). List the prime factors of x(w).
2
What are the prime factors of 1/2 - 94/(-4)?
2, 3
Let a be ((-4)/(-8))/((-2)/(-4)). Let m = a - -9. Suppose 0 = 2*h - 18 - m. List the prime factors of h.
2, 7
Let i(m) = m**3 - 20*m**2 + 26*m + 17. List the prime factors of i(19).
2, 3, 5
Let w(j) = 5*j**2 + 4*j - 2. List the prime factors of w(-2).
2, 5
Suppose -3*t - 2*h = -28, -4*t - 3*h + 2*h + 34 = 0. Suppose 5*q - t*q + 42 = 0. List the prime factors of q.
2, 7
Suppose 0 = -4*k - 5*h + 85, 5*k + 3*h = -0*h + 90. What are the prime factors of (115/k)/((-2)/(-6))?
23
Suppose 4*o - 18 = -86. What are the prime factors of -1*2 - (o + 2)?
13
Suppose -p + 12 = p. Let x be p/(-3) - (2 - 5). What are the prime factors of (4 - x)*(-1)/(-1)?
3
Suppose -18 = -5*m + 2*o, -4*o + 19 = 4*m - o. Suppose -m*r = -2*r. Suppose -2*p + 5*k = 13, r*p - p - 2*k + 16 = 0. What are the prime factors of p?
2, 3
Let p = 13 - 11. Let y(a) = -p - a + 0*a + 3. List the prime factors of y(-1).
2
Let a = -24 - -68. What are the prime factors of a?
2, 11
Let k(q) = -q + 6. Let h be k(-8). Suppose -2*r + 2 = -h. What are the prime factors of r?
2
What are the prime factors of (-603)/6*((-4)/(-6) - 2)?
2, 67
Suppose -14 = -5*a + 266. Let c(d) = 5*d**2 - d. Let h be c(1). Suppose 8*o = h*o + a. What are the prime factors of o?
2, 7
Suppose 0 = o - 3 - 4. What are the prime factors of o?
7
Suppose u = -2*u - 42. Let z = 21 - u. List the prime factors of z.
5, 7
Let x(n) = -n - 1. Let z(o) = 4*o + 4. Let j(v) = -6*x(v) - z(v). What are the prime factors of j(6)?
2, 7
Let s = 0 + 9. Let o = s - 1. List the prime factors of o.
2
Suppose -2*j = 4*a - 60, 77 = 5*a - 5*j + 2. List the prime factors of a.
3, 5
List the prime factors of 9/((-225)/80)*-15.
2, 3
Let q = 53 - 25. List the prime factors of q.
2, 7
Let j(z) be the third derivative of -z**6/120 - 2*z**5/15 + z**4/3 - 13*z**3/6 - 3*z**2. Let f be j(-9). Let m = f + 11. What are the prime factors of m?
7
Let i = -5 - -8. Suppose -5*o + i*o + 56 = 0. Let l = -16 + o. List the prime factors of l.
2, 3
Let u be 12/24 - (-27)/(-2). Let d(i) = -i**2 - 16*i + 1. What are the prime factors of d(u)?
2, 5
Let l = 15 + -22. Let t = l - -11. What are the prime factors of t?
2
Let c(a) = a**3 + 5*a**2 - 2*a + 1. Let h(v) = v**3 + 4*v**2 - 5*v + 5. Let z be h(-5). Suppose 2*y = y - z. What are the prime factors of c(y)?
11
Let g(q) = 6*q + q**2 + q + 0*q + 4. What are the prime factors of g(-8)?
2, 3
Let z be ((-10)/6)/((-4)/12). Suppose 5*o + z = 5*k, 5*o - 25 = -7*k + 2*k. List the prime factors of o.
2
Let v = -8 + 10. Suppose 5*i = -3*d, 5*d + 0*d = v*i - 31. Suppose 5*f - i*f = 16. What are the prime factors of f?
2
Let t = -14 + 12. Let x = 17 + t. What are the prime factors of x?
3, 5
Let j(l) = l - 2. Let c be j(4). Suppose 4*x - 3*o + c*o = -3, -3*x + 5*o = 15. Suppose x*f + s = -5*f + 31, -5*f + s = -39. List the prime factors of f.
7
Suppose 744 = 2*i + 2*i. List the prime factors of i/15 + (-2)/5.
2, 3
Let b(m) = 3*m**2 - 8*m + 5. What are the prime factors of b(5)?
2, 5
Suppose -4*x + 6 = -5*h, -5*h - x = 2*x - 22. Let r be -3 - 1 - (-4 + h). List the prime factors of r + (13 - (-1 + 0)).
2, 3
Suppose -5*x = -x - 148. List the prime factors of x.
37
Let x = 2 + -2. List the prime factors of (1 + x)*(20 + -5).
3, 5
Let i(k) = -k**2 + 7*k - 5. Let n be i(2). Suppose -4*d - n*c = -3*d, 0 = d - 4*c - 45. What are the prime factors of d?
5
Let o = 34 + -23. What are the prime factors of o?
11
Let y = -1 - 0. Let a be (-1)/(-2)*(y - -33). Let q = a - 2. What are the prime factors of q?
2, 7
Suppose j + 0*b = 4*b + 9, 4*b = 3*j + 13. Let q = 18 + j. List the prime factors of q.
7
Suppose -3*i + 18 = -4*i. List the prime factors of (-49)/(-6) - (-3)/i.
2
Let w = 182 - 119. List the prime factors of w.
3, 7
Let h(w) = -w + w + 30*w**2 - 2 - 2*w + 1. List the prime factors of h(-1).
31
Suppose -p = 2*m - 8, -10 = -2*p + 4*m - 2. Let b = -2 + p. List the prime factors of b.
2
Let c(h) = 5*h - 5. List the prime factors of c(7).
2, 3, 5
Let c be 94/((-4)/(0 + -4)). Suppose 0 = -3*v + 4*k + 31 + c, -3*v - k + 100 = 0. What are the prime factors of v?
5, 7
Let m(y) = y**3 + 11*y**2 - 13*y - 8. Let v be m(-12). Suppose v*x + 2 - 58 = 0. What are the prime factors of x?
2, 7
Let s = 69 + -43. What are the prime factors of s?
2, 13
Let m(w) = -58*w**2 - 5*w + 14. Let s(v) = -19*v**2 - 2*v + 5. Let x(l) = -4*m(l) + 11*s(l). What are the prime factors of x(-1)?
2, 3
List the prime factors of (-294)/(-8) + 12/(-16).
2, 3
Suppose -g + 0*g = -x + 166, -4*x + 664 = 2*g. List the prime factors of x.
2, 83
Suppose -5*b + 15 = 65. Let v = b - -22. List the prime factors of v.
2, 3
Let a(s) = 30*s**2 - 2*s + 1. Let j be a(1). Let t = -13 + j. What are the prime factors of t?
2
Let s(g) = -g**2 + g - 1. Let u(a) = -3*a**2 + 4*a - 3. Let i(y) = 4*s(y) - u(y). Let d be i(1). List the prime factors of -2*(-1)/d*-9.
3
Suppose -3*v + 3*a - a + 9 = 0, -3*v + 5*a + 18 = 0. Let j = 2 + v. Suppose 4*k - 4*p = 36, 0*p = 5*k + j*p - 61. What are the prime factors of k?
11
Suppose 2*b - 495 = -3*b. What are the prime factors of b?
3, 11
Let s = -24 + 16. Let n be 7*5*6/15. Let h = n + s. What are the prime factors of h?
2, 3
Let h(v) = 14*v**2 - 9*v - 6. List the prime factors of h(5).
13, 23
Suppose -25 = -5*d - 5*l, 0 = -5*l - 0*l + 25. Suppose -2*y + d - 11 = -n, -3*y = 5*n - 42. Let j = 21 - n. What are the prime factors of j?
2, 3
Let p(z) = -z**2 + 4*z + 5. Let q(o) = o + 1. Let c be q(4). Let w be p(c). Suppose -3*a - 4 = -4*n - 8, 3*a + 4*n - 44 = w. List the prime factors of a.
2
Let c(k) = k**2 + 2. Let f be c(0). Let r(m) = -1 + m**f + 4*m + 5*m**2 + 8 + m**3. What are the prime factors of r(-5)?
2, 3
Let n be (-38)/8 - 5/20. Let z(k) = -k. What are the prime factors of z(n)?
5
Suppose 4*w - 7*w + 4*k = 5, 3*w = 3*k. Suppose 0 = -w*v - 0*v + 10. What are the prime factors of v?
2
Let c be 3*((-24)/(-9) - 3). List the prime factors of 30/4*(1 - c).
3, 5
Let y(o) = 2*o**3 - 3*o**2 + 2. Let w be y(2). Let n = w + -10. List the prime factors of 99/12 + (-3)/n.
3
Suppose 0 = -3*g - 1 + 16. Suppose 5*b + 50 = -5*v, 0 = 2*b - g*v + 2 - 10. Let u = b - -12. List the prime factors of u.
2, 3
Suppose 3*f - 33 = -3. Suppose 3*t - x - x = 28, f = -5*x. List the prime factors of t.
2
Suppose -2*t - t + 15 = 0. Suppose -4*o - 12 = 4*k - 4, 5*k + 30 = t*o. Let z = k - -15. What are the prime factors of z?
11
Let k(o) = o**2 - 8*o - 4. Let i be k(9). Suppose -i*f + 59 = 3*q, f - 1 + 3 = 4*q. List the prime factors of f.
2, 5
Let j be (-15)/(-6)*(2 - 0). Su